e the highest common factor of 57 and w.
19
Suppose 13 + 12 = -5*c, 4*s - 319 = -c. What is the highest common factor of 54 and s?
27
Let g(x) = x**2 + 4*x + 3. Let m(v) = v**2 + 5*v + 1. Let s be m(-3). Let r be g(s). Calculate the highest common divisor of 24 and r.
8
Let w be (4*-1)/((-14)/63). What is the greatest common divisor of 2 and w?
2
Suppose -3*y = -7*y + 60. Let m(a) = a - 9. Let o be m(7). Let s be ((-1)/o)/((-1)/(-6)). Calculate the greatest common factor of y and s.
3
Suppose -5*j + 6*p - 2*p = -120, 5*p = 0. Suppose 4*t + 70 = 2*f + 3*t, -150 = -4*f - 3*t. Calculate the greatest common factor of f and j.
12
Let q(t) = 4*t - 2. Let z be q(2). Let m = -142 + 208. Calculate the greatest common divisor of m and z.
6
Suppose -2*s + 3*a + 10 = 5*a, -3*s = -2*a - 30. Suppose -28 = -5*b + 52. Calculate the highest common factor of s and b.
8
Let f be (154 - 2)/2 - -1. Let q = 27 + -16. What is the highest common divisor of f and q?
11
Let k(f) = 7*f + 0 - 2 + 3 + 10*f. Let v be k(1). Calculate the greatest common divisor of 90 and v.
18
Let p = -94 + 138. Suppose 0 = 4*j + 15 + 5, 2*j = -4*g + 6. What is the highest common divisor of p and g?
4
Suppose 3*c - 28 - 38 = 0. Calculate the highest common divisor of 11 and c.
11
Suppose v + 3*h = 58, -210 = -4*v - v + h. Let d = -29 + v. What is the highest common factor of 35 and d?
7
Suppose t + 6 = -0*t. Let k = t + 8. Let s be -14*(-3)/(-21)*-2. Calculate the highest common factor of s and k.
2
Let b = 9 + -2. Let w(y) = 4*y + 70. Let a be w(0). What is the highest common divisor of b and a?
7
Let y = 48 - 23. What is the greatest common factor of y and 25?
25
Let k(h) = 33*h - 1. Let t be k(1). Suppose 2*o + d + 24 = 5*o, -8 = -o + 3*d. What is the greatest common factor of o and t?
8
Suppose 2*x - x - 5*a + 3 = 0, -x - 5*a + 7 = 0. Suppose 86 = 3*p - 5*m, -x*m - 16 = -p + 14. What is the greatest common divisor of p and 33?
11
Suppose 2*m - 6 = 5*o + 4*m, 3*o - 9 = 3*m. Let z be 0 + o + (1 - -1). Let j be z + -3 + -1 - -52. Calculate the greatest common divisor of j and 10.
10
Suppose -t - r - 2*r + 21 = 0, 2*r - 30 = -2*t. Let j be (-4)/14 - 508/(-14). What is the highest common divisor of t and j?
12
Let u be 50/(-4)*(7 + -13). What is the greatest common factor of 30 and u?
15
Let c(l) be the third derivative of l**6/120 - l**3/3 + l**2. Let h be c(-2). Let f = 24 + h. What is the highest common divisor of 112 and f?
14
Let j be -42 - 2/(1 - 3). Let o = 26 + j. Let b be (-14)/4*(o + -1). What is the greatest common divisor of b and 7?
7
Let x(d) = d + 3. Let m be x(-5). Let j = m + 5. Suppose -2*n + 58 = j*n + f, n = 2*f + 5. Calculate the highest common factor of 99 and n.
11
Suppose -5*u + 7*u - 6 = 0. Suppose -n - u*v + 36 = v, -1 = -v. Calculate the greatest common divisor of n and 16.
16
Let g(a) = a**2 + 2*a - 2. Let b(r) = 2*r + 8. Let x be b(-6). Let o be g(x). Calculate the highest common divisor of 9 and o.
3
Suppose c - 4*c + 6 = 0. Suppose -c*q = 2*q - 96. Suppose -66 = -2*b + 54. Calculate the highest common divisor of q and b.
12
Let i(j) = 21*j. Let o be i(4). Let v(r) = 13*r**2 - r - 2. Let q be v(-1). What is the greatest common factor of q and o?
12
Suppose 4*c = -5*t + 196, 3*t - 2*c = -3*c + 119. Suppose d + 4*d = t. Let z be (-6)/d*40/(-1). Calculate the highest common divisor of 20 and z.
10
Let j(m) = m**3 - 5*m**2 - 5*m - 4. Let q be j(6). Let y be 11/q + (-15)/10. Calculate the greatest common factor of 4 and y.
4
Let p(i) = -i**2 - 10*i - 2. Let m be p(-9). Let v be 154/(-6)*(-1 - 2). Calculate the greatest common factor of v and m.
7
Let a be ((-11)/2 + -2)*-2. Let k = -50 - -65. Calculate the highest common factor of k and a.
15
Let c(d) = 20*d**2 - 2*d + 1. Let m(j) = -61*j**2 + 6*j - 4. Let z(b) = 7*c(b) + 2*m(b). Let y be z(-2). Calculate the highest common divisor of y and 50.
25
Let j be 403/(-15) - 4/30. Let k = j - -135. What is the greatest common factor of 12 and k?
12
Suppose 2*j - j - 48 = 0. Suppose 12 = 5*k - 63. Let d be (-100)/(-6) - 10/k. What is the highest common divisor of j and d?
16
Let a = -3 - -3. Suppose a*g = g - 4. Calculate the greatest common factor of g and 4.
4
Let v be 84/(4*(-6)/(-16)). Let i = -30 + v. Calculate the highest common divisor of i and 65.
13
Let g = -5 - -15. What is the greatest common divisor of g and 10?
10
Let n = 42 - 33. Calculate the highest common factor of n and 207.
9
Let x = 7 - 4. Suppose x*c - 10 = -2*c. Calculate the highest common divisor of c and 8.
2
Let r be -1 - -1 - (-18)/6. Suppose -3*u + 4*v - 2*v + 156 = 0, 0 = -r*u + 5*v + 156. What is the greatest common factor of u and 13?
13
Let s be (-20)/(-6)*3 + 0. Let n(a) = a**2 + 20. Let r be n(0). What is the highest common factor of s and r?
10
Let q = -7 + 46. Suppose 0 = -h - k - 16, 2*k + 74 = -5*h - k. Let n be h/(-2 + 3/2). Calculate the greatest common divisor of q and n.
13
Suppose -5*l = -3*j + 223, -4*j = -7*l + 2*l - 289. Calculate the highest common divisor of 22 and j.
22
Suppose -m - m - 7 = l, -4*m = -2*l - 22. Let i be (-34)/l + (-2)/(-9). Let h = i - -66. Calculate the greatest common divisor of h and 28.
14
Suppose 4*j = -3*s - 6 + 2, 0 = -5*s - 5*j. Let o = -3 + s. Suppose 5*m - 25 = -0*m. Calculate the greatest common divisor of o and m.
1
Let o = 199 + -347. Let n = 214 + o. Suppose 0*y + a = -3*y + 23, -2*a = -10. What is the highest common factor of y and n?
6
Suppose -45 = -4*o + 99. What is the highest common divisor of o and 24?
12
Let l(t) = -t**3 + t**2 + t + 1. Let i be l(0). Calculate the highest common factor of 7 and i.
1
Let j(b) = -3*b + 3. Let l be j(-7). What is the highest common factor of l and 8?
8
Suppose -5*h + 5*f + 20 = 0, 3*h + 9 = -6*f + 2*f. Suppose l - h - 3 = 0. What is the greatest common factor of 6 and l?
2
Let n(y) = -y**3 + 7*y**2 - 3*y + 5. Let k be n(7). Let u be (1 - 2)*(k + 1). Calculate the highest common divisor of 75 and u.
15
Let v = -4 - -4. Suppose -h = -2*d + 18, v*h + 4 = h. Let y(p) = -56*p**3 - 2*p**2 - 2*p - 1. Let w be y(-1). Calculate the highest common divisor of d and w.
11
Suppose 4*m + 5*b = 44, 5*b + 16 - 42 = -m. Calculate the highest common factor of 2 and m.
2
Suppose u + 0*u = 18. Let y be (-162)/15*(-5)/2. Calculate the greatest common factor of y and u.
9
Let l(o) = 159 - o - 3*o - 33 + 3*o. Let p be l(0). Calculate the highest common factor of p and 14.
14
Let a be 16 - 9/(6 - 3). Suppose 102 = -10*y + a*y. Calculate the highest common factor of y and 17.
17
Let f(g) = -g**3 - 5*g**2 + 5. Let x be f(-5). Suppose 0 = w - 2*o - 2, x*w - 4*o + o = 45. Calculate the highest common factor of w and 24.
12
Let b be (171/2)/(-3)*-6. Let h be 6 - (-3 - (-4 - -4)). Suppose -3*w + 0*t + t + 62 = 0, 0 = -w - 2*t + h. Calculate the greatest common divisor of w and b.
19
Suppose b + 0*b = -2. Let s be b/9 - 444/(-54). Calculate the greatest common divisor of 8 and s.
8
Let w be 172 + (-2)/(-4)*8. What is the greatest common factor of 16 and w?
16
Suppose 385 - 49 = 2*l. Suppose l = 3*z - 24. Suppose 0 = -3*a + 3*d + 12 + 15, -5*a - 4*d = -36. What is the highest common factor of z and a?
8
Let z = -251 - -423. What is the highest common factor of z and 43?
43
Let d(o) = o**3 - 4*o**2 + 6*o - 4. Let h be d(4). Calculate the greatest common divisor of 5 and h.
5
Let w(y) = -y**2 + 5*y - 3. Let l be w(3). Let z be -2*2/((-8)/14). Suppose -3*n - z = -n - 3*q, -q = -l. Calculate the highest common factor of n and 7.
1
Suppose -4*d + 3*n + 172 = 0, -3*d - 2*n = n - 108. Suppose z - 40 = -z. Let c be -1 + -2 + 3 + z. Calculate the highest common factor of c and d.
20
Let b(o) = -10*o + 5. Let d be b(-3). What is the highest common divisor of d and 7?
7
Let a be (-7)/(1/(-3)*1). Let f be (a/6 - 3)*306. Calculate the greatest common divisor of 17 and f.
17
Suppose -x - 1 = -2*j - 18, -2*j = 10. Calculate the highest common divisor of x and 28.
7
Suppose -v - 1 + 12 = 2*w, -1 = 5*v - 4*w. Suppose -l + 8 = -v. Calculate the greatest common divisor of l and 55.
11
Let z = 8 - 17. Let k = -5 - z. Calculate the greatest common divisor of k and 32.
4
Suppose -f + 4*r + 83 = 0, 50 = -f - r + 123. What is the greatest common factor of f and 25?
25
Let x(l) = l**2 - l + 1. Let f be x(2).